mber?
True
Is 4903493 composite?
True
Is 44366489 a prime number?
True
Is 28614169 prime?
True
Is 267564953 composite?
False
Is 1803449 a prime number?
True
Is 8153471 a composite number?
False
Is 658751 a composite number?
False
Is 24728573 composite?
True
Is 83130233 a composite number?
True
Is 18194383 composite?
False
Is 11404945 prime?
False
Is 1061963801 composite?
False
Is 651915237 composite?
True
Is 378839 a composite number?
True
Is 442731515 composite?
True
Is 3453127 composite?
False
Is 151491295 prime?
False
Is 16971589 composite?
False
Is 2161007 a prime number?
True
Is 3984098 composite?
True
Is 1850749 composite?
False
Is 1431443921 composite?
False
Is 57646283 a composite number?
True
Is 1591657 prime?
False
Is 4455403 a composite number?
False
Is 5113051 prime?
True
Is 236185 a prime number?
False
Is 54700959 a composite number?
True
Is 43393921 prime?
False
Is 2644909 prime?
False
Is 50453929 prime?
True
Is 1040587 a prime number?
False
Is 41880053 prime?
True
Is 66488681 a composite number?
True
Is 3979 prime?
False
Is 85621499 a prime number?
True
Is 5146403 prime?
False
Is 53556521 a composite number?
False
Is 6141157 composite?
True
Is 26142029 composite?
False
Is 36321433 prime?
True
Is 3893459 a composite number?
True
Is 9052291 a composite number?
True
Is 153587611 prime?
True
Is 49330041 a composite number?
True
Is 18947069 a composite number?
False
Is 436786183 prime?
False
Is 1345125053 prime?
False
Is 82244093 prime?
False
Is 22423993 prime?
False
Is 48653369 prime?
True
Is 8644858 prime?
False
Is 11025851 a composite number?
True
Is 20530381 composite?
True
Is 46378541 composite?
True
Is 234177511 composite?
False
Is 9813127 prime?
True
Is 6726481 prime?
True
Is 1115789 a composite number?
False
Is 15836439 a composite number?
True
Is 2536343 prime?
True
Is 91506031 composite?
False
Is 3578429 composite?
True
Is 358039471 a prime number?
True
Is 15822413 a prime number?
False
Is 62903257 a prime number?
True
Is 3257101 composite?
False
Is 85390121 prime?
True
Is 14328269 a prime number?
True
Is 1272749 a composite number?
False
Is 6969089 a prime number?
True
Is 1927067 a prime number?
True
Is 39202105 prime?
False
Is 207352601 composite?
False
Is 870209 composite?
True
Is 5503735 a composite number?
True
Is 65585913 a prime number?
False
Is 30827569 composite?
True
Is 22802903 a prime number?
False
Is 22454921 a composite number?
True
Is 26259059 a prime number?
True
Is 143424859 a composite number?
True
Is 979453 composite?
True
Is 22536291 a prime number?
False
Is 58188667 a composite number?
True
Is 1036853 a composite number?
False
Is 3829447 a prime number?
True
Is 72598507 a composite number?
False
Is 4709797 prime?
True
Is 1302607487 a prime number?
False
Is 229151 composite?
True
Is 1513199 prime?
True
Is 22195763 composite?
True
Is 50644081 prime?
False
Is 2041791 a composite number?
True
Is 13881289 prime?
True
Is 4323463 prime?
False
Is 11757769 composite?
True
Is 5189378 a composite number?
True
Is 4756789 a composite number?
True
Is 407668157 a prime number?
False
Is 29199199 a composite number?
False
Is 26527007 a composite number?
True
Is 32385503 a prime number?
True
Is 87736793 a prime number?
False
Is 31167883 composite?
False
Is 6699659 a composite number?
True
Is 27558205 a prime number?
False
Is 538473655 a prime number?
False
Is 967399 prime?
False
Is 3105041 prime?
True
Is 142426738 composite?
True
Is 182873921 a prime number?
True
Is 34253705 composite?
True
Is 168193717 a composite number?
False
Is 456871 prime?
True
Is 56813137 a composite number?
False
Is 63731717 a composite number?
True
Is 4858123 composite?
True
Is 357673 a composite number?
True
Is 31329983 prime?
True
Is 1039589 prime?
False
Is 18472367 a composite number?
False
Is 7618073 composite?
False
Is 41969621 a composite number?
True
Is 703009 prime?
False
Is 249652987 composite?
False
Is 3377417 a prime number?
False
Is 1649287 composite?
False
Is 5032763 composite?
True
Is 614051651 a composite number?
False
Is 2283833 a composite number?
False
Is 9453737 composite?
False
Is 73148129 a composite number?
False
Is 8638447 a composite number?
False
Is 71397167 prime?
True
Is 26183609 a prime number?
True
Is 19064747 prime?
False
Is 11212849 prime?
True
Is 4571719 prime?
False
Is 91012399 composite?
True
Is 2044321 composite?
False
Is 52517 composite?
False
Is 10005601 a prime number?
True
Is 21384119 a prime number?
False
Is 376787 composite?
False
Is 785017 a prime number?
True
Is 61038818 prime?
False
Is 6570049 composite?
False
Is 13919221 a prime number?
False
Is 555428899 a prime number?
True
Is 40748311 prime?
False
Is 31973411 prime?
True
Is 102400411 prime?
False
Is 19877969 a composite number?
True
Is 1527739 a prime number?
False
Is 263504303 a prime number?
True
Is 1978037 a prime number?
True
Is 1102663 a prime number?
True
Is 192933443 prime?
True
Is 1320049 a prime number?
False
Is 1741373 a prime number?
True
Is 57232627 composite?
False
Is 497111 a composite number?
False
Is 196769 a prime number?
True
Is 87713141 a composite number?
False
Is 1647043 prime?
False
Is 1045735 a composite number?
True
Is 4428877 a prime number?
False
Is 74786161 a prime number?
True
Is 82887577 a composite number?
True
Is 4431143 a composite number?
False
Is 4753699 a prime number?
False
Is 723871 prime?
False
Is 6859603 a composite number?
True
Is 744445399 a prime number?
False
Is 91001462 a prime number?
False
Is 168125219 composite?
False
Is 96909079 a prime number?
True
Is 430459 a composite number?
True
Is 2169631 a composite number?
False
Is 843737 prime?
True
Is 108544407 a composite number?
True
Is 18770123 composite?
True
Is 2093981 prime?
True
Is 29228989 a prime number?
True
Is 183699797 a composite number?
False
Is 23248387 a composite number?
False
Is 14817433 a composite number?
False
Is 217970173 composite?
True
Is 504610463 prime?
False
Is 2172119 a composite number?
True
Is 289685129 composite?
False
Is 8704993 a composite number?
True
Is 1129411 composite?
True
Is 30717047 composite?
False
Is 360007 prime?
True
Is 791489 a prime number?
True
Is 373482971 prime?
False
Is 23884241 composite?
True
Is 22660213 prime?
True
Is 322159429 a prime number?
True
Is 1302361 composite?
True
Is 6345323 prime?
True
Is 5124689 a composite number?
True
Is 186831895 composite?
True
Is 348488401 composite?
False
Is 564127 composite?
False
Is 4988891 a composite number?
False
Is 2890231 a prime number?
True
Is 7427393 a prime number?
False
Is 556367 a prime number?
False
Is 125632337 a prime number?
False
Is 55090579 prime?
True
Is 1417321 a prime number?
False
Is 1782023 composite?
True
Is 3277129 composite?
True
Is 36524578 composite?
True
Is 228564253 composite?
True
Is 2235457 prime?
False
Is 4099731 composite?
True
Is 39729959 a composite number?
False
Is 88159147 a composite number?
False
Is 200012027 prime?
True
Is 2179951 a composite number?
True
Is 268404053 prime?
False
Is 44424245 prime?
False
Is 1369243 composite?
False
Is 71595785 composite?
True
Is 7805678 a prime number?
False
Is 18832809 a prime number?
False
Is 976681 composite?
True
Is 1244687 a prime number?
True
Is 2516249 prime?
True
Is 1477055 a prime number?
False
Is 654859 prime?
False
Is 92988391 prime?
True
Is 7508771 composite?
False
Is 11070029 composite?
True
Is 29767951 prime?
True
Is 14514361 a prime number?
False
Is 13375371 a composite number?
True
Is 129618953 composite?
False
Is 35198939 composite?
True
Is 59254493 composite?
False
Is 179760011 a prime number?
True
Is 16544557 a prime number?
True
Is 2095189 prime?
True
Is 29264699 a composite number?
False
Is 19634651 a composite number?
False
Is 20531947 a prime number?
True
Is 118363873 composite?
True
Is 4794655 prime?
False
Is 7094138 prime?
False
Is 4969231 a prime number?
True
Is 24848227 composite?
True
Is 127781 composite?
False
Is 258477553 a prime number?
True
Is 922319 a composite number?
True
Is 26720167 composite?
True
Is 406474889 a composite number?
False
Is 5790299 a prime number?
True
Is 436755221 a prime number?
False
Is 23655343 a composite number?
False
Is 20793083 a composite number?
False
Is 29805197 a composite number?
False
Is 23797541 a composite number?
True
Is 